e 2*w + s*w = 100. What is the remainder when w is divided by 14?
11
Suppose 6*i - 305 - 301 = 0. What is the remainder when i is divided by 22?
13
Let u(h) = 8*h**3 + 2*h**2 - 7*h + 5. Let i be u(2). Let n = -58 + i. What is the remainder when 21 is divided by n?
1
Suppose -2*f = 3*g + 5, 5*g - 5 = 2*f - 40. Suppose -3*y = -f - 43. Suppose y = 9*h - 5*h. What is the remainder when 10 is divided by h?
2
Suppose -71 + 11 = -4*l. Suppose 4*a = n + 57, -7*n = 3*a - 11*n - 33. Suppose 22*s - 287 = a*s. What is the remainder when s is divided by l?
11
Let i = -75 + 68. Calculate the remainder when -8*(245/10)/i is divided by 10.
8
Let s(y) = -y**3 - 6*y**2 - 9*y + 7. Calculate the remainder when s(-8) is divided by 7.
4
Let j(y) = y**3 - 4*y**2 + 5*y + 3. Let g be j(6). Let o = g - 182. Let k = o + 108. Calculate the remainder when k is divided by 8.
7
What is the remainder when ((-170)/(-25))/(10/250) is divided by 9?
8
Let s(i) = -i**3 - 9*i**2 - i. Let y be s(-9). Let r = y - 6. Calculate the remainder when 1/3 - 130/(-15) is divided by r.
0
Suppose 2*s + 18 = 4*j, -j = -0*s - 2*s. Let g = 12 - j. Suppose g + 35 = a. What is the remainder when a is divided by 11?
8
Let p = -1252 - -1658. What is the remainder when p is divided by 79?
11
Suppose -370 - 169 = -7*d. Calculate the remainder when d is divided by 22.
11
Let z = 424 + -406. Calculate the remainder when 195 is divided by z.
15
Suppose 0 = -r, -6*n + 15 = -n + 2*r. Let p = 62 - 41. Let l = -14 + p. What is the remainder when l is divided by n?
1
Let w = -80 - -1. Let f = -62 - w. Let i = 9 + -4. What is the remainder when f is divided by i?
2
Let y be 3 + (-5)/6*-3*-30. Let b = 104 + y. What is the remainder when b is divided by 18?
14
Let j be 42/35 + -1 - (-194)/5. Suppose m + 2*w = 45, -222 - j = -5*m - w. Calculate the remainder when m is divided by 24.
5
Let s(m) = 2*m - 1. Let f be s(-6). Let n(h) = h**3 + 14*h**2 + 14*h + 11. Let w be n(f). Let y = w - -36. What is the remainder when 65 is divided by y?
31
Suppose 6*v + 189 - 1083 = 0. Let k = v - 116. Suppose -3*u + 4*z = -8*u + 10, 4*u = -3*z + 9. Calculate the remainder when k is divided by u.
3
Let n = 0 + 70. Calculate the remainder when n is divided by 38.
32
Suppose b - 82 = -3*o, -b = -4*o - o + 126. Let y = -6949 - -6963. What is the remainder when o is divided by y?
12
Let m(v) = -v**3 - 3*v**2 + 11*v - 9. Suppose 0 = -63*c + 68*c + 30. Calculate the remainder when m(c) is divided by 6.
3
Calculate the remainder when (2221/11 - -5) + 2/22 is divided by 52.
51
Suppose -b = -5, 5*d = 2*b + 2*b + 635. Calculate the remainder when d is divided by 19.
17
Let f(q) = q + 16. What is the remainder when f(11) is divided by 7?
6
Suppose -3*q = -265*p + 269*p - 796, 2*q + 3*p = 530. What is the remainder when q is divided by 10?
8
Suppose 5*w - 5*m = 10, 3*w + 6*m = 2*m + 34. Let i(d) = 12*d - 51. Calculate the remainder when i(w) is divided by 11.
10
Let c = -14 - -44. Let v = c + -28. Calculate the remainder when 2 is divided by -3*(-4)/24*v.
0
Let g = -565 + 574. What is the remainder when g is divided by 4?
1
Let h = -25 + 24. Let q = 32 - h. Calculate the remainder when q is divided by 9.
6
Suppose -3*h + 77 = -2*h. Suppose 4*p = h + 47. Suppose -4*f - 5*w = -364, 3*w - 165 - 17 = -2*f. What is the remainder when f is divided by p?
29
Let o(q) = 5*q**2 + 4*q - 2. Suppose -25 = 5*w + 5. Calculate the remainder when w/4 + 54/4 is divided by o(1).
5
Suppose -42*o - 67*o = -2289. What is the remainder when 96 is divided by o?
12
Let j(s) = 2*s + 24. What is the remainder when 376 is divided by j(-5)?
12
Suppose -5*y = 25, 160 = 5*b + 5*y - 0*y. Suppose -4*h - 55 + 19 = 0. Let w = h - -19. What is the remainder when b is divided by w?
7
Suppose -3*a + 29 - 2 = 0. Let t = a - -3. Suppose l = -0*l + 4, t = 4*m - l. What is the remainder when 11 is divided by m?
3
Suppose 74*m + 6*m = 18720. Calculate the remainder when m is divided by 20.
14
Suppose 3*a = 4*d - 6*d + 39, 0 = -a + 3. Let g = -4 + d. Suppose 3*y = -3*f + 40 + g, 4*y + f = 65. Calculate the remainder when 31 is divided by y.
15
Let x be (-6 + 1)*(-2)/5. Let o be 0/((-1)/(x - 3)). Suppose -f - f + 68 = o. Calculate the remainder when f is divided by 18.
16
Let c = -179 - -121. Let b = 67 + c. What is the remainder when 25 is divided by b?
7
What is the remainder when 49 is divided by 236/(-177)*(-6)/2?
1
Let m(f) = 13*f**2 + 4. Let s(z) = 12*z**2 + z + 3. Let x(q) = -3*m(q) + 4*s(q). Let j be x(3). What is the remainder when j/(-2)*4/(-6) is divided by 17?
14
Let s(v) = v**3 + 2*v**2 + v - 6. Let q be s(-2). What is the remainder when 28 is divided by (-1)/((40/75)/q)?
13
Suppose 3*c = -0*s + 4*s, 2*c = -s + 11. Let y(h) = -h**3 + 5*h**2 - 3*h + 4. Suppose -o - 18 + 69 = 0. What is the remainder when o is divided by y(s)?
12
Let o(z) = -z**3 + 7*z**2 + 8*z - 16. Let j be o(7). What is the remainder when 126 is divided by j + (-3 - 12/(-2))?
40
Let f = -6589 + 6594. What is the remainder when 1 + (-1 - 10*-1) is divided by f?
0
Let q(d) = -18*d + 75. What is the remainder when 78 is divided by q(2)?
0
Let p = -4 + 19. Let r(g) = g**2 + 63*g + 451. Calculate the remainder when p is divided by r(-8).
4
Suppose 0 = 8*v - 120 - 568. Let n = -64 + v. Calculate the remainder when 65 is divided by n.
21
What is the remainder when (0 + (-4)/(-3))*12969/132 is divided by 11?
10
Suppose -2*l - 2*l + 12 = 0, -3*l + 86 = w. Let b = w + -60. Calculate the remainder when 48 is divided by b.
14
Suppose -6*c + 0*c + 1242 = 0. What is the remainder when c is divided by 8?
7
Calculate the remainder when (-624)/(-10) - 20/50 is divided by 2/((1/(-8))/(-1)).
14
Let i = -14 - -22. Let x = -582 - -612. Calculate the remainder when x is divided by i.
6
Let a(m) = m**2 + 20*m - 7. Let o be a(11). Suppose -10*s + o = 44. What is the remainder when 115 is divided by s?
28
Suppose -119 = -4*i + 3*w, -2*i + 54 = -4*w - 18. What is the remainder when i is divided by 15?
11
Suppose 4*l - 41 - 43 = 0. Suppose -11*x = 5*x - 208. Calculate the remainder when l is divided by x.
8
Suppose -3*t + l + 31 = 0, -18 = t - 5*l - 5. Let q(g) = g**3 - 13*g**2 + 15*g. Calculate the remainder when q(t) is divided by 10.
6
Suppose 5*q + 32 - 288 = 3*a, -2*a - 204 = -4*q. Let s = 72 - q. Let d = s + -11. What is the remainder when d is divided by 7?
4
Suppose -3*y = 2*q - 56, q - 48 = -5*y + 36. Calculate the remainder when (8 + -5)/((-2)/(-20)) is divided by y.
14
Let g be (2/4)/((-1)/2). Suppose 2*f = -0*f + 142. Calculate the remainder when f is divided by g/2 + 111/6.
17
Let s be 8/20 + (-263)/(-5). Suppose 6 = -3*l, 16 = d + 3*d - 4*l. Suppose -17 = -3*n + 2*h + 59, d*n - s = -h. Calculate the remainder when 50 is divided by n.
24
Let s(k) = k**3 - 8*k**2 + 7*k. Let h be s(7). Suppose 17 = 2*x - 2*c + 7, x + 2*c - 20 = h. What is the remainder when 18 is divided by x?
8
Suppose -133 = -10*t - 333. Let v(p) = 2*p + 57. What is the remainder when v(t) is divided by 10?
7
Calculate the remainder when 10/65 + (-4390)/(-26) is divided by 57.
55
Let m(g) = g**2 - g + 1. Let b(u) = -u**2 + 8*u + 1. Let i(z) = -b(z) + 2*m(z). What is the remainder when 51 is divided by i(4)?
6
Suppose 2*p = c - p + 18, 3*c + 3*p + 6 = 0. Let t = c - -12. Let q = 8 + 2. Calculate the remainder when q is divided by t.
4
Let b(r) = 6*r. Let s be -2 - ((-4 - 0) + 2). Suppose 5*f + 86 - 381 = s. What is the remainder when f is divided by b(2)?
11
Suppose u + 48 = 3*z - 2*u, -4*u + 12 = 0. Calculate the remainder when -3 - 1 - (6 - z) is divided by 5.
4
Let m = -7 + 10. Let j = -41 - -39. Let x = j + 6. What is the remainder when x is divided by m?
1
Let b = -57 - -47. What is the remainder when 45 is divided by 6/7*(-3 - b)?
3
Let f be 94/(-6) + 4/6. Let q = f - -21. Suppose 3*a - 30 + 3 = 0. What is the remainder when a is divided by q?
3
Suppose 5*b + 543 = r + b, -2*r + 5*b + 1089 = 0. What is the remainder when r is divided by 25?
22
Let t be ((-1)/(-3))/(2/30). What is the remainder when (-151)/(-4) + t/20 is divided by 10?
8
Suppose -3*d + j = -175, -35*j + 40*j - 187 = -3*d. Calculate the remainder when 825 is divided by d.
58
Let d(p) = -p + 10. Let w(i) = i + 3. Let c be w(4). Let n be d(c). What is the remainder when (-120)/(-1